 greatest common factor of 235 and i?
5
Let s = -20001 - -20041. What is the highest common divisor of 4220 and s?
20
Suppose 0 = 4*d - x - 3034, -2*d + 5*x = -1338 - 170. Suppose -36*i = -886 - 48 + 387 - 641. What is the greatest common divisor of i and d?
33
Let m be (-10475553)/(-3366) - (1/(-6))/(-1). What is the highest common factor of m and 40?
8
Suppose -4*x - 5*p = -6186, 0*x + 4*p = x - 1515. What is the highest common factor of 45 and x?
9
Let f be (-52)/(-20) + -3 - (-39739)/35 - -5. Calculate the highest common divisor of f and 6.
6
Suppose 2*z + z - 277 = d, -5*d = -z + 83. Let u = -135 + z. Let q be (-2)/(-4 + u/(-12)). Calculate the greatest common factor of q and 1.
1
Let a(w) = 31*w - 2724. Let n be a(98). Calculate the highest common divisor of 471 and n.
157
Let v(u) = -33*u + 909. Let w be v(27). What is the highest common divisor of w and 306?
18
Suppose 3*z + 82 = 22. Let m be (-74)/(-6) - z/(-60). What is the greatest common divisor of 60 and m?
12
Suppose 144 = -124*f + 132*f. Calculate the highest common factor of 1146 and f.
6
Suppose -10 = 2*v + 2*n, 2*n + 3 = -5*v - 25. Let h(r) = 4*r + r + 14 + 0 - 6*r. Let p be h(v). Calculate the highest common factor of p and 10.
10
Suppose 2*w - 48 = -38, 3*w = -3*q + 3651. Calculate the highest common factor of q and 12.
12
Suppose 0 = -280*t + 285*t - 1425. Let y be (-1 + -1 + -2)/((-76)/t). What is the highest common divisor of 15 and y?
15
Let y(d) = -d**2 + 4*d + 7. Suppose -6*s + 5 = -5*s. Let q be y(s). Let f be ((-4)/10)/(1/(-5)). What is the greatest common divisor of f and q?
2
Let m(n) = 8*n**2 - 45*n - 405. Let b be m(-9). Calculate the greatest common divisor of b and 243.
81
Let r(w) = w**2 - 6*w - 10. Let d be r(8). Suppose 2*g = -10*g + 60. Suppose 3 - 4 = f + 2*k, -f - 4*k - g = 0. Calculate the highest common divisor of d and f.
3
Let b = 83 - 53. Let j be (-10)/20 + 13/2. Let r = j + 39. What is the highest common factor of b and r?
15
Let q = -13149 + 14975. What is the highest common divisor of q and 88?
22
Let n be 5/25*5 + 3 + -66. Let c = n - -106. What is the greatest common factor of c and 66?
22
Suppose -36 = -6*l - 12. Suppose -h + l = 1. Suppose 0 = -h*q + 113 + 103. Calculate the highest common factor of 8 and q.
8
Let y(r) = 6*r - 1. Let t be y(1). Suppose t*p = 2*p. Suppose p = 2*f - 21 - 19. Calculate the greatest common divisor of 4 and f.
4
Suppose 0 = -5*d - 4*b + 6, -12 = -5*d + 4*b - 2*b. Suppose -2*w = 2*p - 188, -d*p - 4 = -p. Calculate the highest common divisor of 42 and w.
14
Let u = 45902 + -31407. What is the greatest common divisor of u and 65?
65
Suppose -6*x + 2*x = -264. Suppose 189 = 6*o + 3*o. Suppose 3 = -4*j - l + 30, 5*l = -j + o. Calculate the greatest common divisor of x and j.
6
Let x = 91 + -91. Let y be -3 - (x - -3)/((-5)/10). Suppose -y*v = l + 4*l + 7, l = -3*v + 13. What is the greatest common divisor of 8 and v?
2
Let m = 108 + -58. What is the greatest common factor of m and 515?
5
Let r = -196 - 6. Let d = -173 - r. What is the highest common divisor of d and 145?
29
Let l(q) = -223*q + 2. Let w be l(2). Let f be (-6)/8*-4 - (-270)/(-54). Let n be (-1 + 1 + f)*w/24. Calculate the highest common factor of 37 and n.
37
Let m be 1/(-10)*-16*(-5)/(-2). Let j(i) = 3*i**2 + 11*i - 56. Let f be j(m). Suppose 4 + 8 = t. What is the greatest common factor of t and f?
12
Let u be 45 - -3*(10 - 7). What is the highest common factor of u and 1674?
54
Let s(x) = -2*x**2 - 77*x + 1110. Let w be s(11). What is the greatest common divisor of w and 2289?
21
Suppose 6071 = 75*p - 4279. Let u = 197 - 13. What is the highest common divisor of u and p?
46
Suppose -k = -4*o + 6, 2*k + 2*o + 2 = 5*k. Suppose 3*b - 6*b + 2895 = k*m, -4*m = -b + 951. Calculate the greatest common factor of 107 and b.
107
Let a be (2 - 1)/((-1)/(-22)). Let z(u) = -13*u + 258. Let i be z(20). Let d be 60/(-10) + 184 - i/(-1). Calculate the greatest common factor of a and d.
22
Let z = 4012 + -3193. What is the highest common factor of z and 441?
63
Let k be (-2)/(-18) + 116417/63. Suppose -3*x + 2*z + 926 = -x, 4*x = 3*z + k. Suppose 15*i - x = 6*i. What is the greatest common factor of 17 and i?
17
Suppose -24*m + 4242 = -894. Let h = m - 172. Calculate the highest common factor of 105 and h.
21
Let h(r) = r**3 + 8*r**2 + r + 8. Let w be h(-8). Suppose 4*a - 41 + 17 = w. Suppose m + 490 = a*m. Calculate the highest common factor of 28 and m.
14
Suppose 3*n = -0*n - 12. Let x be 9/n*(-56)/3. Suppose -5*w + 62 = 2*z, -3*z + 2 = -299*w + 300*w. Calculate the highest common factor of w and x.
14
Let m be 36*(7878/351 + (8/9)/(-2)). Calculate the greatest common divisor of m and 1144.
88
Let x be 2/4*40 - -2. Let i = -169 - -371. Let p = 356 - i. Calculate the greatest common divisor of x and p.
22
Let w(r) = r**3 + 13*r**2 + 12*r. Suppose -62 - 19 = 4*o + 5*c, -2*c = -o - 17. Let x = o + 9. Let t be w(x). What is the greatest common divisor of 20 and t?
20
Suppose 5694 = -9*z - 2811. Let w = z + 952. Calculate the highest common divisor of 91 and w.
7
Let m be (-5 - (-70)/50)*(-2000)/12. What is the highest common divisor of 256 and m?
8
Let j be (-205)/(-4) + 1/(-4). Suppose -354*c + 37354 + 66291 + 58841 = 0. What is the highest common factor of c and j?
51
Let p = 43 - 143. Let u = p + 150. Suppose -46*s + 48*s + 4 = 3*n, -8*s = 5*n - 120. Calculate the greatest common divisor of s and u.
10
Let p(f) = 2*f**3 + 27*f**2 - 14*f - 2. Let m be p(-14). Let v be (1 + m + 58)*(-40)/(-12). Calculate the highest common factor of v and 38.
38
Suppose -44*c + 13665 = -34735. Calculate the highest common divisor of 66 and c.
22
Let d(j) = 16*j**2 - 29*j + 58. Let t be d(2). What is the highest common factor of 5472 and t?
32
Let u be (1 + (-458)/(-6))*(-6 + 3). Let k = u + 238. What is the highest common factor of 12 and k?
6
Let q = 453 + -450. Suppose -4*b = q*d - 1419, 0 = -d - 0*d + 4*b + 489. Calculate the highest common divisor of 18 and d.
9
Suppose 2*d + 28 + 252 = 0. Let j = 146 + d. What is the highest common factor of j and 420?
6
Let g = -20810 - -25073. What is the greatest common divisor of 28 and g?
7
Suppose 547*v = 580*v - 1650. Suppose -5*p - 5*r + 1985 = 0, 9 = -4*r - 3. Suppose p = t + 3*t. What is the greatest common factor of v and t?
50
Let u(f) = -26*f + 4. Let x be u(-4). Let h = -114 + 133. Suppose 0 = 3*v - 4*k - 44, -2*v = -5*k - h - 15. What is the greatest common factor of v and x?
12
Let r(u) = -2*u**2 - 12*u + 1. Let d be r(-5). Suppose 94*w - 105*w + d = 0. What is the greatest common divisor of w and 125?
1
Let r(t) = 7*t + 54. Let b be (6/5)/((-15)/(-200)). Let k be r(b). What is the greatest common divisor of 581 and k?
83
Let p be 298 - ((-14)/(-4) - 2)/(9/(-6)). Calculate the greatest common factor of p and 23.
23
Let a = 167 + -160. Let y(j) = -j - 4. Let m be y(-13). Suppose x + 2 = m. What is the greatest common divisor of a and x?
7
Let t = 43 - 43. Suppose -5*m = -4*k + 112 + 43, -3*k + 4*m + 117 = t. Let r = k - 25. Calculate the greatest common divisor of 80 and r.
10
Let g(p) = 2*p**2 + 15*p + 17. Let y be g(-13). Suppose 145*o - 142*o - 129 = 0. Let v = o + -11. Calculate the greatest common factor of y and v.
32
Suppose -5*u = -u - 20. Let a = 342 + -338. What is the greatest common divisor of a and u?
1
Suppose -4*n = 4*m - 41 - 59, -2*m + 78 = 3*n. What is the highest common factor of n and 1911?
7
Suppose -j + 3 = h, -13*j + 4*h + 15 = -14*j. Calculate the highest common divisor of j and 5769.
9
Let m be ((2/(-12))/(22/231))/(6/(-5088)). What is the highest common factor of m and 308?
28
Let w(i) = -i**2 - 6*i - 7. Let q be w(-6). Let o = 2 - q. Suppose -5*u + 3*h = -369, 210 = 8*u + h - 363. What is the highest common factor of u and o?
9
Let f(m) = -2*m - 1. Let y be f(-3). Let s be 252/(-198)*362/(-4) + (-22)/121. Calculate the greatest common divisor of s and y.
5
Let c be (-1)/2 + 312/(-16). Let i = c - -98. Calculate the greatest common divisor of 39 and i.
39
Let a(i) = 404*i - 3800. Let b be a(10). What is the greatest common divisor of b and 165?
15
Suppose -4*l - 3 - 31 = 2*b, -4*b - 38 = 2*l. Let d be 91/14 + -7 + b/(-2). Calculate the greatest common factor of 48 and d.
3
Suppose 532 = 2*z - 6*b + 1